3 - 106*y**2 - 141617*y - 8509. Determine b(-327).
-7
Let t(r) = -283*r + 22436. Determine t(79).
79
Let g(f) = -3*f**2 - 2470*f - 51330. Calculate g(-802).
-2
Let y(o) = 7575*o - 30276. Calculate y(4).
24
Let y(k) = 1045682*k + 7319758. What is y(-7)?
-16
Let q(d) = 7*d**2 + 34*d - 3847. What is q(-26)?
1
Let o(b) = -2*b**3 + 7*b**2 + 1424*b - 8345. Calculate o(6).
19
Let w(a) = a**2 + 7016*a - 367532. Determine w(52).
4
Let a(q) = -5*q**3 + 165*q**2 + 5*q - 149. What is a(33)?
16
Let d(k) = k**3 - 56*k**2 + 52*k + 403. Determine d(55).
238
Let y(q) = q**3 - 1565*q**2 - 9464*q - 213. What is y(-6)?
15
Let b(j) = 3*j**3 + 362*j**2 - 5*j + 14021. Give b(-121).
-15
Let l(p) = -1879*p - 139252. What is l(-74)?
-206
Let l(t) = -563097*t + 6757168. Calculate l(12).
4
Let f(r) = 58*r**2 + 718*r + 1436. What is f(-2)?
232
Let p(w) = 1659804*w + 11618631. Determine p(-7).
3
Let g(a) = -a**3 - 130*a**2 + 821*a - 724. Give g(-136).
-1404
Let i(u) = -139*u + 1930. What is i(19)?
-711
Let u(s) = -379*s**2 - 11*s - 89. Give u(-3).
-3467
Let k(j) = 3*j**3 - 243*j**2 + 4460*j - 225. Calculate k(28).
-1
Let q(k) = 9*k**2 + 839*k + 149. Determine q(-93).
-37
Let g(q) = -q**3 - 32*q**2 + 258*q + 10251. What is g(-21)?
-18
Let m(y) = -y**3 + 56*y**2 + 1014*y + 30827. Give m(75).
2
Let t(d) = 20*d**3 - 24*d**2 - 18*d + 77. Determine t(4).
901
Let v(a) = a**3 - 67*a**2 + 439*a - 39802. What is v(69)?
11
Let s(l) = l**2 - 83*l - 2716. Determine s(109).
118
Let l(r) = 5612*r - 3052927. Calculate l(544).
1
Let f(x) = -611*x - 78921. Calculate f(-129).
-102
Let n(o) = 184186*o - 7919928. Give n(43).
70
Let d(l) = -2*l**3 - 788*l**2 - 1590*l - 8627. What is d(-392)?
-3
Let m(o) = 7833302*o - 46999809. Give m(6).
3
Let u(n) = n**3 - 9*n**2 - 2035*n - 762. Calculate u(50).
-12
Let y(t) = -171*t - 670. Give y(-5).
185
Let c(h) = h**3 + 8*h**2 + 6236*h + 31215. Give c(-5).
110
Let t(g) = -g**3 + 77*g**2 - 113*g - 3416. Determine t(75).
-641
Let p(w) = -355*w - 26179. Give p(-74).
91
Let l(b) = 283194*b - 10478176. What is l(37)?
2
Let k(o) = 2996*o + 107913. What is k(-36)?
57
Let z(y) = -983*y**2 + 134669*y + 280. Give z(137).
6
Let k(y) = 2*y**3 - 3*y**2 + 2*y - 192. What is k(-7)?
-1039
Let i(y) = -y**2 - 91657*y - 1008099. What is i(-11)?
7
Let x(l) = -l**2 - 625*l - 92954. Give x(-244).
10
Let a(v) = -v**3 + 87*v**2 + 89*v - 7992. Give a(87).
-249
Let u(t) = 15397*t - 92255. Give u(6).
127
Let h(o) = 175*o + 4937. Determine h(-33).
-838
Let k(q) = -q**3 - 485*q**2 + 3976*q + 15301. Give k(-493).
-475
Let x(c) = c**2 - 618*c + 11745. Determine x(19).
364
Let c(h) = -75*h**2 + 1528*h + 5264. Give c(-3).
5
Let k(j) = 4710*j - 282732. What is k(60)?
-132
Let d(w) = 80*w**2 + 673*w + 274. Give d(-8).
10
Let y(p) = p**3 + 9*p**2 - 676*p - 7199. What is y(-11)?
-5
Let f(c) = c**3 + 13*c**2 - 442*c + 48. What is f(-27)?
1776
Let t(p) = -2*p**2 - 349*p + 782. Give t(-179).
-829
Let p(q) = -12430*q - 1702913. Give p(-137).
-3
Let s(f) = -3*f**3 + 180*f**2 - 192*f + 887. What is s(59)?
2
Let c(r) = r**2 + 2099*r + 29275. Calculate c(-14).
85
Let b(w) = 618*w - 7888. Calculate b(13).
146
Let f(o) = -o**3 - 3*o**2 + 7*o - 81. Calculate f(4).
-165
Let k(d) = 2*d**3 - 643*d**2 + 28026*d + 86. Determine k(52).
-18
Let r(u) = -u**2 - 845*u - 123055. What is r(-187)?
-9
Let b(f) = f**3 - 25*f**2 - 170*f + 523. Calculate b(30).
-77
Let w(f) = -4*f**2 - 993*f - 19345. What is w(-227)?
-50
Let w(o) = o**3 - 23*o**2 + 3473*o - 68262. Give w(20).
-2
Let v(y) = -9*y**3 - 979*y**2 - 14521*y + 3547. Calculate v(-91).
-2
Let i(h) = -1427*h - 58483. Give i(-41).
24
Let q(y) = -729*y + 3725. Give q(5).
80
Let d(s) = -56*s**2 + 129*s + 527. What is d(-5)?
-1518
Let g(n) = 2*n**3 + 4*n**2 - 880*n - 46. Determine g(-22).
-46
Let v(h) = 32*h**2 + 303*h + 481. Determine v(-7).
-72
Let l(i) = 356*i**2 + 40628*i + 5017. Give l(-114).
1
Let g(x) = -1278*x + 167005. Give g(131).
-413
Let t(f) = -5*f**3 + 288*f**2 + 1360*f + 252. What is t(62)?
4
Let h(m) = -m**2 + 6586*m - 686955. Determine h(106).
-75
Let a(b) = -5*b**3 - 17*b**2 - 4*b + 33. Determine a(-6).
525
Let w(n) = -n**2 + 5773*n + 181359. Calculate w(-31).
1435
Let w(h) = 71*h**3 + h**2 + 3122*h + 6242. Give w(-2).
-566
Let a(c) = -10*c**2 - 60*c - 305. Determine a(-23).
-4215
Let a(x) = 40*x**2 + 31*x - 11. Determine a(-1).
-2
Let b(g) = -2*g**2 + 105*g + 20571. What is b(131)?
4
Let w(v) = -60480*v - 2358699. Determine w(-39).
21
Let g(c) = -3*c**2 + 24897*c + 2545198. Determine g(-101).
-2
Let a(w) = -w**3 + 158*w**2 - 1584*w - 272. Give a(11).
91
Let b(w) = 45*w**2 + 9938*w - 1544. What is b(-221)?
3
Let y(g) = -g**2 - 1587*g - 481080. Determine y(-1179).
-48
Let p(c) = 2*c**3 + 212*c**2 + 1008*c - 214. Give p(-101).
-12
Let c(n) = 10445*n - 2653043. What is c(254)?
-13
Let s(t) = 2011*t + 1270953. What is s(-632)?
1
Let d(m) = -2*m**3 - m**2 - 80*m + 181. Calculate d(0).
181
Let t(u) = 2*u**2 + 187*u - 1406. What is t(7)?
1
Let z(i) = 133*i**2 - 9850*i + 553. Calculate z(74).
-39
Let k(t) = -3*t**3 + 30*t**2 - 799*t + 8078. What is k(10)?
88
Let s(y) = -2*y**2 - 2323*y + 6982. What is s(3)?
-5
Let z(a) = -a**3 - 66*a**2 - 739*a - 7385. Determine z(-55).
-15
Let k(h) = 10*h**3 - 76*h**2 - 169*h - 36. Calculate k(-2).
-82
Let z(b) = 106*b - 974. Calculate z(3).
-656
Let o(n) = -57574*n - 345401. Calculate o(-6).
43
Let p(k) = k**3 + 27*k**2 - 1306*k + 207. What is p(25)?
57
Let t(w) = -96235*w + 866106. What is t(9)?
-9
Let y(u) = 103*u**2 + 23*u + 69. Determine y(-4).
1625
Let p(d) = 2*d**2 - 168828*d + 1012908. Give p(6).
12
Let z(n) = -5*n**2 - 1554*n - 85110. Determine z(-71).
19
Let s(x) = -6619*x + 52985. Give s(8).
33
Let f(c) = 3593*c + 20418. Give f(-6).
-1140
Let o(z) = 89336*z - 1518697. Determine o(17).
15
Let w(a) = 2116*a - 50802. What is w(24)?
-18
Let b(h) = -63045*h - 1197860. Determine b(-19).
-5
Let w(z) = 601363*z + 72764923. Give w(-121).
0
Let q(l) = 4*l**3 - 58*l**2 + 153*l - 2. Calculate q(11).
-13
Let h(j) = 510*j**2 + 85*j + 35. Calculate h(-2).
1905
Let j(k) = -k**3 - 88*k**2 - 475*k + 1355. What is j(-82)?
-39
Let x(q) = -82200*q + 14960407. Determine x(182).
7
Let g(f) = -2*f**3 - 481*f**2 + 257*f + 1044. Determine g(-241).
-2812
Let w(b) = 840*b - 447732. What is w(533)?
-12
Let g(r) = -1945*r - 1810791. Give g(-931).
4
Let a(f) = 1333*f + 7950. What is a(-6)?
-48
Let y(g) = -g**3 - 162*g**2 - 1794*g + 949. What is y(-150)?
49
Let o(y) = -7404*y + 643961. Give o(87).
-187
Let r(x) = 34*x**2 + 653*x - 260. What is r(-17)?
-1535
Let g(n) = -132*n**2 - 21193*n + 9504. Calculate g(-161).
5
Let b(x) = -5*x**2 - 285*x - 1088. What is b(-53)?
-28
Let i(v) = -v**3 + 9*v**2 + 254*v - 1442. Determine i(5).
-72
Let h(j) = -102*j + 4364. What is h(42)?
80
Let b(i) = i**3 - 1070*i**2 - 295936*i - 10384. Determine b(1298).
0
Let c(a) = -a**2 + 2055*a + 14332. Give c(-7).
-102
Let s(l) = 55*l + 1523. What is s(-31)?
-182
Let p(a) = 244*a + 6947. What is p(-30)?
-373
Let t(a) = 1324*a - 401182. Give t(303).
-10
Let x(m) = 49*m**2 + 1915*m + 2087. Give x(-38).
73
Let z(m) = m**3 - 59*m**2 - 47*m - 790. Give z(60).
-10
Let b(m) = 1962*m + 101970. Give b(-52).
-54
Let b(z) = -12*z**2 - 22*z - 447. Determine b(-19).
-4361
Let o(h) = 23*h**3 - 15*h**2 - 103*h - 174. Determine o(-3).
-621
Let d(v) = -v**3 + 68*v**2 - 788*v - 102. Give d(53).
269
Let q(x) = -14647*x - 3002638. Give q(-205).
-3
Let i(c) = 232*c**2 - 34*c - 32. Calculate i(-1).
234
Let f(b) = 11*b**2 + 1614*b + 45217. Give f(-109).
-18
Let r(b) = 10695*b + 3368984. What is r(-315)?
59
Let l(x) = 2718*x + 9632. Give l(-4).
-1240
Let k(q) = -q**3 + 34*q**2 - 250*q + 693. Determine k(26).
-399
Let m(v) = 4*v**2 + 228*v + 2795. Give m(-37).
-165
Let u(s) = 3*s**3 + 124*s**2 + 23*s - 329. Give u(-41).
409
Let i(w) = -w**2 - 25392*w - 1115277. Determine i(-44).
35
Let l(g) = -g**3 + 78*g**2 - 451*g - 166. What is l(72)?
-1534
Let t(d) = -4070*d + 248240. Calculate t(61).
-30
Let f(h) = 645*h - 75463. Calculate f(117).
2
Let p(l) = 1265*l + 10133. Calculate p(-8).
13
Let k(v) = 3*v**3 - 97*v**2 - 195*v - 2892. Give k(35).
83
Let k(n) = -n**3 + 12*n**2 + 99*n + 284. Give k(-7).
522
Let t(v) = -2*v**3 + 50*v**2 - 292*v + 315. Calculate t(17).
-25
Let q(o) = 20*o**2 + 2576*o 